{"id":239,"date":"2023-01-28T17:41:43","date_gmt":"2023-01-28T16:41:43","guid":{"rendered":"https:\/\/ttll.chanez.li\/?page_id=239"},"modified":"2023-03-12T20:16:38","modified_gmt":"2023-03-12T19:16:38","slug":"nous-rejoindre","status":"publish","type":"page","link":"https:\/\/ttll.ch\/index.php\/nous-rejoindre\/","title":{"rendered":"Nous rejoindre"},"content":{"rendered":"\n<h2 class=\"wp-block-heading\">Comment rejoindre l\u2019\u00e9quipe TTLL&nbsp;?<\/h2>\n\n\n<div class=\"wp-block-image\">\n<figure class=\"alignright size-full is-resized\"><img loading=\"lazy\" decoding=\"async\" src=\"https:\/\/ttll.ch\/wp-content\/uploads\/2023\/01\/join_01.jpg\" alt=\"\" class=\"wp-image-292\" width=\"222\" height=\"311\" srcset=\"https:\/\/ttll.ch\/wp-content\/uploads\/2023\/01\/join_01.jpg 714w, https:\/\/ttll.ch\/wp-content\/uploads\/2023\/01\/join_01-600x840.jpg 600w, https:\/\/ttll.ch\/wp-content\/uploads\/2023\/01\/join_01-214x300.jpg 214w\" sizes=\"auto, (max-width: 222px) 100vw, 222px\" \/><\/figure>\n<\/div>\n\n\n<p>Vous cherchez \u00e0 joindre une \u00e9quipe de course dans la r\u00e9gion Lutry-Lausanne&nbsp;? Contactez-nous pour pr\u00e9voir votre cours d\u2019essai gratuit.<\/p>\n\n\n\n<p>Envoyez-nous un mail et dites-nous quel(s) cours vous ou votre enfant souhaiterait essayer. Nous vous enverrons le programme pour le(s) cours de votre choix avec le lieu de rendez-vous et d\u2019autres informations pertinentes. &nbsp;<\/p>\n\n\n\n<p>Une fois que vous \u00eates officiellement inscrits et que vous avez pay\u00e9 vos frais d\u2019\u00e9colage, vous recevrez&nbsp;:<\/p>\n\n\n\n<ul class=\"wp-block-list\">\n<li>Votre place sur les groupes WhatsApp TTLL o\u00f9 vous trouverez des nouveaut\u00e9s sur votre programme d\u2019entra\u00eenement et des informations sur les courses.<\/li>\n<\/ul>\n\n\n\n<ul class=\"wp-block-list\">\n<li>Des rabais de nos sponsors officiels.<\/li>\n<\/ul>\n\n\n\n<ul class=\"wp-block-list\">\n<li>Un formulaire de commande pour les v\u00eatements TTLL officiels et le journal d\u2019entra\u00eenement TTLL 2023 officiel avec le planning des courses et des recommandations d\u2019entra\u00eenement.<\/li>\n<\/ul>\n\n\n\n<ul class=\"wp-block-list\">\n<li>Du coaching de pr\u00e9paration et sur place pour les courses se trouvant sur notre planning des courses.<\/li>\n<\/ul>\n\n\n\n<p>Nous nous r\u00e9jouissons de vous rencontrer. En cas de questions, veuillez nous envoyer un mail. Nous recevrons rapidement une r\u00e9ponse, avec le num\u00e9ro permettant de maintenir contact via WhatsApp, o\u00f9 r\u00e9side la majeure partie de la communication avec nos membres.<\/p>\n\n\n\n<p>Rejoignez l\u2019\u00e9quipe TTLL&nbsp;!<\/p>\n\n\n\n<div class=\"wp-block-contact-form-7-contact-form-selector\">\n<div class=\"wpcf7 no-js\" id=\"wpcf7-f21-o1\" lang=\"fr-FR\" dir=\"ltr\" data-wpcf7-id=\"21\">\n<div class=\"screen-reader-response\"><p role=\"status\" aria-live=\"polite\" aria-atomic=\"true\"><\/p> <ul><\/ul><\/div>\n<form action=\"\/index.php\/wp-json\/wp\/v2\/pages\/239#wpcf7-f21-o1\" method=\"post\" class=\"wpcf7-form init\" aria-label=\"Formulaire de contact\" novalidate=\"novalidate\" data-status=\"init\">\n<fieldset class=\"hidden-fields-container\"><input type=\"hidden\" name=\"_wpcf7\" value=\"21\" \/><input type=\"hidden\" name=\"_wpcf7_version\" value=\"6.1.4\" \/><input type=\"hidden\" name=\"_wpcf7_locale\" value=\"fr_FR\" \/><input type=\"hidden\" name=\"_wpcf7_unit_tag\" value=\"wpcf7-f21-o1\" \/><input type=\"hidden\" name=\"_wpcf7_container_post\" value=\"0\" \/><input type=\"hidden\" name=\"_wpcf7_posted_data_hash\" value=\"\" \/>\n<\/fieldset>\n<p><label> Nom<br \/>\n<span class=\"wpcf7-form-control-wrap\" data-name=\"your-name\"><input size=\"40\" maxlength=\"400\" class=\"wpcf7-form-control wpcf7-text wpcf7-validates-as-required\" aria-required=\"true\" aria-invalid=\"false\" value=\"\" type=\"text\" name=\"your-name\" \/><\/span> <\/label>\n<\/p>\n<p><label> E-Mail<br \/>\n<span class=\"wpcf7-form-control-wrap\" data-name=\"your-email\"><input size=\"40\" maxlength=\"400\" class=\"wpcf7-form-control wpcf7-email wpcf7-validates-as-required wpcf7-text wpcf7-validates-as-email\" aria-required=\"true\" aria-invalid=\"false\" value=\"\" type=\"email\" name=\"your-email\" \/><\/span> <\/label>\n<\/p>\n<p><label> Objet<br \/>\n<span class=\"wpcf7-form-control-wrap\" data-name=\"your-subject\"><input size=\"40\" maxlength=\"400\" class=\"wpcf7-form-control wpcf7-text wpcf7-validates-as-required\" aria-required=\"true\" aria-invalid=\"false\" value=\"\" type=\"text\" name=\"your-subject\" \/><\/span> <\/label>\n<\/p>\n<p><label> Message<br \/>\n<span class=\"wpcf7-form-control-wrap\" data-name=\"your-message\"><textarea cols=\"40\" rows=\"10\" maxlength=\"2000\" class=\"wpcf7-form-control wpcf7-textarea\" aria-invalid=\"false\" name=\"your-message\"><\/textarea><\/span> <\/label>\n<\/p>\n<p><input class=\"wpcf7-form-control wpcf7-submit has-spinner\" type=\"submit\" value=\"Envoyer\" \/>\n<\/p><div class=\"wpcf7-response-output\" aria-hidden=\"true\"><\/div>\n<\/form>\n<\/div>\n<\/div>\n","protected":false},"excerpt":{"rendered":"<p>Comment rejoindre l\u2019\u00e9quipe TTLL&nbsp;? Vous cherchez \u00e0 joindre une \u00e9quipe de course dans la r\u00e9gion Lutry-Lausanne&nbsp;? Contactez-nous pour pr\u00e9voir votre cours d\u2019essai gratuit. Envoyez-nous un mail et dites-nous quel(s) cours vous ou votre enfant souhaiterait essayer. Nous vous enverrons le programme pour le(s) cours de votre choix avec le lieu&#8230;<\/p>\n","protected":false},"author":2,"featured_media":0,"parent":0,"menu_order":0,"comment_status":"closed","ping_status":"closed","template":"templates\/full-width-page.php","meta":{"ngg_post_thumbnail":0,"footnotes":""},"class_list":["post-239","page","type-page","status-publish","hentry"],"jetpack_sharing_enabled":true,"_links":{"self":[{"href":"https:\/\/ttll.ch\/index.php\/wp-json\/wp\/v2\/pages\/239","targetHints":{"allow":["GET"]}}],"collection":[{"href":"https:\/\/ttll.ch\/index.php\/wp-json\/wp\/v2\/pages"}],"about":[{"href":"https:\/\/ttll.ch\/index.php\/wp-json\/wp\/v2\/types\/page"}],"author":[{"embeddable":true,"href":"https:\/\/ttll.ch\/index.php\/wp-json\/wp\/v2\/users\/2"}],"replies":[{"embeddable":true,"href":"https:\/\/ttll.ch\/index.php\/wp-json\/wp\/v2\/comments?post=239"}],"version-history":[{"count":4,"href":"https:\/\/ttll.ch\/index.php\/wp-json\/wp\/v2\/pages\/239\/revisions"}],"predecessor-version":[{"id":421,"href":"https:\/\/ttll.ch\/index.php\/wp-json\/wp\/v2\/pages\/239\/revisions\/421"}],"wp:attachment":[{"href":"https:\/\/ttll.ch\/index.php\/wp-json\/wp\/v2\/media?parent=239"}],"curies":[{"name":"wp","href":"https:\/\/api.w.org\/{rel}","templated":true}]}}