{"id":232,"date":"2023-01-15T13:43:02","date_gmt":"2023-01-15T12:43:02","guid":{"rendered":"https:\/\/ttll.chanez.li\/?page_id=232"},"modified":"2024-07-18T13:32:49","modified_gmt":"2024-07-18T11:32:49","slug":"course-a-pied","status":"publish","type":"page","link":"https:\/\/ttll.ch\/index.php\/course-a-pied\/","title":{"rendered":"Course \u00e0 pied"},"content":{"rendered":"\n<p>Ayant de nombreuses ann\u00e9es d&rsquo;exp\u00e9rience dans l&rsquo;entra\u00eenement des coureurs, nous avons d\u00e9velopp\u00e9 un programme de course \u00e0 pied qui est amusant, motivant et efficace. Tout en continuant d&rsquo;accueillir des coureurs de tous niveaux, nous introduirons cette ann\u00e9e (2024-25) un <strong>programme de comp\u00e9tition pour nos athl\u00e8tes d\u00e9di\u00e9s de haut niveau<\/strong>, offrant 3 \u00e0 4 entra\u00eenements par semaine avec des s\u00e9ances plus longues d&rsquo;intervalles, d&rsquo;endurance et de renforcement, ainsi qu&rsquo;un programme de courses plus \u00e9tendu. Nous sommes tr\u00e8s fiers du travail acharn\u00e9 de nos athl\u00e8tes et nous nous effor\u00e7ons de les aider \u00e0 atteindre les plus hauts niveaux de performance.<\/p>\n\n\n\n<p>Nous commen\u00e7ons les cours par un \u00e9chauffement comprenant des exercices dynamiques et un footing \u00e0 un rythme facile et conversationnel. Une fois que nos athl\u00e8tes sont correctement \u00e9chauff\u00e9s, nous les guidons dans le travail principal de l\u2019entra\u00eenement\u00a0: la s\u00e9rie d\u2019intervalles ou le travail de seuil du jour.<\/p>\n\n\n\n<p>Nous nous entra\u00eenons sur des terrains vari\u00e9s : collines, sentiers, pav\u00e9s plats et pistes. Chaque session est intentionnellement diff\u00e9rente pour former des athl\u00e8tes \u00e9quilibr\u00e9s. Nous travaillons toutes les composantes n\u00e9cessaires \u00e0 un coureur performant : vitesse, endurance, agilit\u00e9, coordination et force.<\/p>\n\n\n\n<p>Nous organisons la majorit\u00e9 de nos entra\u00eenements en boucles de diff\u00e9rentes longueurs, permettant aux d\u00e9butants et aux exp\u00e9riment\u00e9s de s&rsquo;exercer \u00e0 leur rythme tout en restant en groupe. Cette m\u00e9thode maximise l&rsquo;efficacit\u00e9 de l&rsquo;entra\u00eenement et assure la s\u00e9curit\u00e9 des coureurs.<\/p>\n\n\n\n<p>Nous avons soigneusement \u00e9volu\u00e9 notre programme d\u2019entra\u00eenement pour r\u00e9pondre aux besoins de chaque athl\u00e8te. Nous nous effor\u00e7ons de fournir des s\u00e9ances b\u00e9n\u00e9fiques pour tous nos membres, avec une attention particuli\u00e8re \u00e0 chaque individu. Votre coach est l\u00e0 pour r\u00e9pondre \u00e0 vos besoins sp\u00e9cifiques.<\/p>\n\n\n\n<h2 class=\"wp-block-heading\">Course \u00e0 pied Enfants<\/h2>\n\n\n\n<h3 class=\"wp-block-heading\">Enfants (6.5 &#8211; 11 ans)<\/h3>\n\n\n\n<p>Pour notre groupe d&rsquo;enfants, la majorit\u00e9 des cours se d\u00e9roule sous forme de jeux, de chasses aux tr\u00e9sors, de courses d&rsquo;orientation et de mini-courses. Nous veillons \u00e0 rendre les entra\u00eenements amusants, tout en d\u00e9veloppant progressivement les capacit\u00e9s de course de nos jeunes coureurs et en maintenant leur motivation.<\/p>\n\n\n\n<p>Beaucoup de nos coureurs champions ont commenc\u00e9 avec nous \u00e0 l&rsquo;\u00e2ge de six ou sept ans. Nous travaillons dur pour pr\u00e9server leur plaisir dans notre sport. Forts de notre exp\u00e9rience, nous savons que beaucoup de nos jeunes coureurs d&rsquo;aujourd&rsquo;hui deviendront nos stars de demain. Quelles que soient les aspirations de nos jeunes athl\u00e8tes, nous nous effor\u00e7ons de leur offrir une exp\u00e9rience positive en tant que membres d&rsquo;une \u00e9quipe amusante et dynamique, chacun donnant le meilleur de lui-m\u00eame pour la sant\u00e9, le plaisir et l&rsquo;esprit d&rsquo;\u00e9quipe.<br><\/p>\n\n\n\n<figure class=\"wp-block-gallery has-nested-images columns-default is-cropped wp-block-gallery-1 is-layout-flex wp-block-gallery-is-layout-flex\">\n<figure class=\"wp-block-image size-large\"><img loading=\"lazy\" decoding=\"async\" width=\"750\" height=\"1000\" data-id=\"275\" src=\"https:\/\/ttll.ch\/wp-content\/uploads\/2023\/01\/run_510_01.jpg\" alt=\"\" class=\"wp-image-275\" srcset=\"https:\/\/ttll.ch\/wp-content\/uploads\/2023\/01\/run_510_01.jpg 750w, https:\/\/ttll.ch\/wp-content\/uploads\/2023\/01\/run_510_01-600x800.jpg 600w, https:\/\/ttll.ch\/wp-content\/uploads\/2023\/01\/run_510_01-225x300.jpg 225w\" sizes=\"auto, (max-width: 750px) 100vw, 750px\" \/><\/figure>\n\n\n\n<figure class=\"wp-block-image size-large\"><img loading=\"lazy\" decoding=\"async\" width=\"768\" height=\"1024\" data-id=\"537\" src=\"https:\/\/ttll.ch\/wp-content\/uploads\/2024\/07\/FullSizeRender-7-768x1024.jpeg\" alt=\"\" class=\"wp-image-537\" srcset=\"https:\/\/ttll.ch\/wp-content\/uploads\/2024\/07\/FullSizeRender-7-768x1024.jpeg 768w, https:\/\/ttll.ch\/wp-content\/uploads\/2024\/07\/FullSizeRender-7-600x800.jpeg 600w, https:\/\/ttll.ch\/wp-content\/uploads\/2024\/07\/FullSizeRender-7-225x300.jpeg 225w, https:\/\/ttll.ch\/wp-content\/uploads\/2024\/07\/FullSizeRender-7-1152x1536.jpeg 1152w, https:\/\/ttll.ch\/wp-content\/uploads\/2024\/07\/FullSizeRender-7.jpeg 1292w\" sizes=\"auto, (max-width: 768px) 100vw, 768px\" \/><\/figure>\n\n\n\n<figure class=\"wp-block-image size-large\"><img loading=\"lazy\" decoding=\"async\" width=\"750\" height=\"1000\" data-id=\"276\" src=\"https:\/\/ttll.ch\/wp-content\/uploads\/2023\/01\/run_510_02.jpg\" alt=\"\" class=\"wp-image-276\" srcset=\"https:\/\/ttll.ch\/wp-content\/uploads\/2023\/01\/run_510_02.jpg 750w, https:\/\/ttll.ch\/wp-content\/uploads\/2023\/01\/run_510_02-600x800.jpg 600w, https:\/\/ttll.ch\/wp-content\/uploads\/2023\/01\/run_510_02-225x300.jpg 225w\" sizes=\"auto, (max-width: 750px) 100vw, 750px\" \/><\/figure>\n\n\n\n<figure class=\"wp-block-image size-large\"><img loading=\"lazy\" decoding=\"async\" width=\"768\" height=\"1024\" data-id=\"539\" src=\"https:\/\/ttll.ch\/wp-content\/uploads\/2024\/07\/FullSizeRender-9-768x1024.jpeg\" alt=\"\" class=\"wp-image-539\" srcset=\"https:\/\/ttll.ch\/wp-content\/uploads\/2024\/07\/FullSizeRender-9-768x1024.jpeg 768w, https:\/\/ttll.ch\/wp-content\/uploads\/2024\/07\/FullSizeRender-9-scaled-600x800.jpeg 600w, https:\/\/ttll.ch\/wp-content\/uploads\/2024\/07\/FullSizeRender-9-225x300.jpeg 225w, https:\/\/ttll.ch\/wp-content\/uploads\/2024\/07\/FullSizeRender-9-1152x1536.jpeg 1152w, https:\/\/ttll.ch\/wp-content\/uploads\/2024\/07\/FullSizeRender-9-1536x2048.jpeg 1536w, https:\/\/ttll.ch\/wp-content\/uploads\/2024\/07\/FullSizeRender-9-scaled.jpeg 1920w\" sizes=\"auto, (max-width: 768px) 100vw, 768px\" \/><\/figure>\n\n\n\n<figure class=\"wp-block-image size-large\"><img loading=\"lazy\" decoding=\"async\" width=\"768\" height=\"1024\" data-id=\"538\" src=\"https:\/\/ttll.ch\/wp-content\/uploads\/2024\/07\/FullSizeRender-8-768x1024.jpeg\" alt=\"\" class=\"wp-image-538\" srcset=\"https:\/\/ttll.ch\/wp-content\/uploads\/2024\/07\/FullSizeRender-8-768x1024.jpeg 768w, https:\/\/ttll.ch\/wp-content\/uploads\/2024\/07\/FullSizeRender-8-scaled-600x800.jpeg 600w, https:\/\/ttll.ch\/wp-content\/uploads\/2024\/07\/FullSizeRender-8-225x300.jpeg 225w, https:\/\/ttll.ch\/wp-content\/uploads\/2024\/07\/FullSizeRender-8-1152x1536.jpeg 1152w, https:\/\/ttll.ch\/wp-content\/uploads\/2024\/07\/FullSizeRender-8-1536x2048.jpeg 1536w, https:\/\/ttll.ch\/wp-content\/uploads\/2024\/07\/FullSizeRender-8-scaled.jpeg 1920w\" sizes=\"auto, (max-width: 768px) 100vw, 768px\" \/><\/figure>\n\n\n\n<figure class=\"wp-block-image size-large\"><img loading=\"lazy\" decoding=\"async\" width=\"768\" height=\"1024\" data-id=\"540\" src=\"https:\/\/ttll.ch\/wp-content\/uploads\/2024\/07\/IMG_6140-768x1024.jpeg\" alt=\"\" class=\"wp-image-540\" srcset=\"https:\/\/ttll.ch\/wp-content\/uploads\/2024\/07\/IMG_6140-768x1024.jpeg 768w, https:\/\/ttll.ch\/wp-content\/uploads\/2024\/07\/IMG_6140-600x800.jpeg 600w, https:\/\/ttll.ch\/wp-content\/uploads\/2024\/07\/IMG_6140-225x300.jpeg 225w, https:\/\/ttll.ch\/wp-content\/uploads\/2024\/07\/IMG_6140-1152x1536.jpeg 1152w, https:\/\/ttll.ch\/wp-content\/uploads\/2024\/07\/IMG_6140-1536x2048.jpeg 1536w, https:\/\/ttll.ch\/wp-content\/uploads\/2024\/07\/IMG_6140.jpeg 1701w\" sizes=\"auto, (max-width: 768px) 100vw, 768px\" \/><\/figure>\n<\/figure>\n\n\n\n<p><\/p>\n\n\n\n<h2 class=\"wp-block-heading\">Course \u00e0 pied Jeunes (8 &#8211; 12 ans) et Ados (13 &#8211; 18 ans)<\/h2>\n\n\n\n<p>Pour nos groupes de jeunes, une fois notre objectif de course atteint, nous nous r\u00e9compensons par des relais ou des jeux de course. Nous inventons de nouveaux jeux amusants chaque semaine. Pour nos adolescents, nous incluons davantage de renforcement musculaire et de travail d&rsquo;endurance de plus longue dur\u00e9e.<\/p>\n\n\n\n<figure class=\"wp-block-gallery has-nested-images columns-default is-cropped wp-block-gallery-2 is-layout-flex wp-block-gallery-is-layout-flex\">\n<figure class=\"wp-block-image size-large\"><img loading=\"lazy\" decoding=\"async\" width=\"768\" height=\"1024\" data-id=\"544\" src=\"https:\/\/ttll.ch\/wp-content\/uploads\/2024\/07\/FullSizeRender-10-768x1024.jpeg\" alt=\"\" class=\"wp-image-544\" srcset=\"https:\/\/ttll.ch\/wp-content\/uploads\/2024\/07\/FullSizeRender-10-768x1024.jpeg 768w, https:\/\/ttll.ch\/wp-content\/uploads\/2024\/07\/FullSizeRender-10-scaled-600x800.jpeg 600w, https:\/\/ttll.ch\/wp-content\/uploads\/2024\/07\/FullSizeRender-10-225x300.jpeg 225w, https:\/\/ttll.ch\/wp-content\/uploads\/2024\/07\/FullSizeRender-10-1152x1536.jpeg 1152w, https:\/\/ttll.ch\/wp-content\/uploads\/2024\/07\/FullSizeRender-10-1536x2048.jpeg 1536w, https:\/\/ttll.ch\/wp-content\/uploads\/2024\/07\/FullSizeRender-10-scaled.jpeg 1920w\" sizes=\"auto, (max-width: 768px) 100vw, 768px\" \/><\/figure>\n\n\n\n<figure class=\"wp-block-image size-large\"><img loading=\"lazy\" decoding=\"async\" width=\"1024\" height=\"854\" data-id=\"542\" src=\"https:\/\/ttll.ch\/wp-content\/uploads\/2024\/07\/IMG_5638-1024x854.jpeg\" alt=\"\" class=\"wp-image-542\" srcset=\"https:\/\/ttll.ch\/wp-content\/uploads\/2024\/07\/IMG_5638-1024x854.jpeg 1024w, https:\/\/ttll.ch\/wp-content\/uploads\/2024\/07\/IMG_5638-600x500.jpeg 600w, https:\/\/ttll.ch\/wp-content\/uploads\/2024\/07\/IMG_5638-300x250.jpeg 300w, https:\/\/ttll.ch\/wp-content\/uploads\/2024\/07\/IMG_5638-768x641.jpeg 768w, https:\/\/ttll.ch\/wp-content\/uploads\/2024\/07\/IMG_5638-1536x1281.jpeg 1536w, https:\/\/ttll.ch\/wp-content\/uploads\/2024\/07\/IMG_5638-2048x1708.jpeg 2048w\" sizes=\"auto, (max-width: 1024px) 100vw, 1024px\" \/><\/figure>\n\n\n\n<figure class=\"wp-block-image size-large\"><img loading=\"lazy\" decoding=\"async\" width=\"768\" height=\"1024\" data-id=\"553\" src=\"https:\/\/ttll.ch\/wp-content\/uploads\/2024\/07\/IMG_7807-1-768x1024.jpeg\" alt=\"\" class=\"wp-image-553\" srcset=\"https:\/\/ttll.ch\/wp-content\/uploads\/2024\/07\/IMG_7807-1-768x1024.jpeg 768w, https:\/\/ttll.ch\/wp-content\/uploads\/2024\/07\/IMG_7807-1-600x800.jpeg 600w, https:\/\/ttll.ch\/wp-content\/uploads\/2024\/07\/IMG_7807-1-225x300.jpeg 225w, https:\/\/ttll.ch\/wp-content\/uploads\/2024\/07\/IMG_7807-1-1152x1536.jpeg 1152w, https:\/\/ttll.ch\/wp-content\/uploads\/2024\/07\/IMG_7807-1.jpeg 1296w\" sizes=\"auto, (max-width: 768px) 100vw, 768px\" \/><\/figure>\n\n\n\n<figure class=\"wp-block-image size-large\"><img loading=\"lazy\" decoding=\"async\" width=\"718\" height=\"1024\" data-id=\"551\" src=\"https:\/\/ttll.ch\/wp-content\/uploads\/2024\/07\/FullSizeRender-13-718x1024.jpeg\" alt=\"\" class=\"wp-image-551\" srcset=\"https:\/\/ttll.ch\/wp-content\/uploads\/2024\/07\/FullSizeRender-13-718x1024.jpeg 718w, https:\/\/ttll.ch\/wp-content\/uploads\/2024\/07\/FullSizeRender-13-scaled-600x856.jpeg 600w, https:\/\/ttll.ch\/wp-content\/uploads\/2024\/07\/FullSizeRender-13-210x300.jpeg 210w, https:\/\/ttll.ch\/wp-content\/uploads\/2024\/07\/FullSizeRender-13-768x1096.jpeg 768w, https:\/\/ttll.ch\/wp-content\/uploads\/2024\/07\/FullSizeRender-13-1076x1536.jpeg 1076w, https:\/\/ttll.ch\/wp-content\/uploads\/2024\/07\/FullSizeRender-13-1435x2048.jpeg 1435w, https:\/\/ttll.ch\/wp-content\/uploads\/2024\/07\/FullSizeRender-13-scaled.jpeg 1794w\" sizes=\"auto, (max-width: 718px) 100vw, 718px\" \/><\/figure>\n\n\n\n<figure class=\"wp-block-image size-large\"><img loading=\"lazy\" decoding=\"async\" width=\"768\" height=\"1024\" data-id=\"554\" src=\"https:\/\/ttll.ch\/wp-content\/uploads\/2024\/07\/IMG_8014-768x1024.jpeg\" alt=\"\" class=\"wp-image-554\" srcset=\"https:\/\/ttll.ch\/wp-content\/uploads\/2024\/07\/IMG_8014-768x1024.jpeg 768w, https:\/\/ttll.ch\/wp-content\/uploads\/2024\/07\/IMG_8014-600x800.jpeg 600w, https:\/\/ttll.ch\/wp-content\/uploads\/2024\/07\/IMG_8014-225x300.jpeg 225w, https:\/\/ttll.ch\/wp-content\/uploads\/2024\/07\/IMG_8014-1152x1536.jpeg 1152w, https:\/\/ttll.ch\/wp-content\/uploads\/2024\/07\/IMG_8014-1536x2048.jpeg 1536w, https:\/\/ttll.ch\/wp-content\/uploads\/2024\/07\/IMG_8014.jpeg 1808w\" sizes=\"auto, (max-width: 768px) 100vw, 768px\" \/><\/figure>\n\n\n\n<figure class=\"wp-block-image size-large\"><img loading=\"lazy\" decoding=\"async\" width=\"676\" height=\"1024\" data-id=\"549\" src=\"https:\/\/ttll.ch\/wp-content\/uploads\/2024\/07\/IMG_5881-1-676x1024.jpeg\" alt=\"\" class=\"wp-image-549\" srcset=\"https:\/\/ttll.ch\/wp-content\/uploads\/2024\/07\/IMG_5881-1-676x1024.jpeg 676w, https:\/\/ttll.ch\/wp-content\/uploads\/2024\/07\/IMG_5881-1-600x908.jpeg 600w, https:\/\/ttll.ch\/wp-content\/uploads\/2024\/07\/IMG_5881-1-198x300.jpeg 198w, https:\/\/ttll.ch\/wp-content\/uploads\/2024\/07\/IMG_5881-1-768x1163.jpeg 768w, https:\/\/ttll.ch\/wp-content\/uploads\/2024\/07\/IMG_5881-1-1015x1536.jpeg 1015w, https:\/\/ttll.ch\/wp-content\/uploads\/2024\/07\/IMG_5881-1.jpeg 1033w\" sizes=\"auto, (max-width: 676px) 100vw, 676px\" \/><\/figure>\n<\/figure>\n\n\n\n<p><\/p>\n","protected":false},"excerpt":{"rendered":"<p>Ayant de nombreuses ann\u00e9es d&rsquo;exp\u00e9rience dans l&rsquo;entra\u00eenement des coureurs, nous avons d\u00e9velopp\u00e9 un programme de course \u00e0 pied qui est amusant, motivant et efficace. Tout en continuant d&rsquo;accueillir des coureurs de tous niveaux, nous introduirons cette ann\u00e9e (2024-25) un programme de comp\u00e9tition pour nos athl\u00e8tes d\u00e9di\u00e9s de haut niveau, offrant&#8230;<\/p>\n","protected":false},"author":2,"featured_media":0,"parent":0,"menu_order":0,"comment_status":"closed","ping_status":"closed","template":"templates\/full-width-page.php","meta":{"ngg_post_thumbnail":0,"footnotes":""},"class_list":["post-232","page","type-page","status-publish","hentry"],"jetpack_sharing_enabled":true,"_links":{"self":[{"href":"https:\/\/ttll.ch\/index.php\/wp-json\/wp\/v2\/pages\/232","targetHints":{"allow":["GET"]}}],"collection":[{"href":"https:\/\/ttll.ch\/index.php\/wp-json\/wp\/v2\/pages"}],"about":[{"href":"https:\/\/ttll.ch\/index.php\/wp-json\/wp\/v2\/types\/page"}],"author":[{"embeddable":true,"href":"https:\/\/ttll.ch\/index.php\/wp-json\/wp\/v2\/users\/2"}],"replies":[{"embeddable":true,"href":"https:\/\/ttll.ch\/index.php\/wp-json\/wp\/v2\/comments?post=232"}],"version-history":[{"count":14,"href":"https:\/\/ttll.ch\/index.php\/wp-json\/wp\/v2\/pages\/232\/revisions"}],"predecessor-version":[{"id":556,"href":"https:\/\/ttll.ch\/index.php\/wp-json\/wp\/v2\/pages\/232\/revisions\/556"}],"wp:attachment":[{"href":"https:\/\/ttll.ch\/index.php\/wp-json\/wp\/v2\/media?parent=232"}],"curies":[{"name":"wp","href":"https:\/\/api.w.org\/{rel}","templated":true}]}}